l(-6). List the prime factors of (14 - 11)/((-6)/f).
2
Let p = -129 + 134. Suppose -w + 4*i + 317 + 288 = 0, 4*w - 2483 = -p*i. What are the prime factors of w?
617
Suppose 0 = -5*d + 8 + 2, 4*b - 5*d = 343850. What are the prime factors of b?
3, 5, 11, 521
Let c(u) = -8*u**2 + 6*u - 8. Let o be c(4). Let s = o + 116. What are the prime factors of s/1 + (4 - -193)?
3, 67
Let o = -607 - 208. Let h = o - -2929. List the prime factors of h.
2, 7, 151
Suppose 5*o - 42 = -4*t, -o + 5*t = 3*o - 50. Let c(s) = -o*s + 3*s + s. List the prime factors of c(-17).
2, 3, 17
Let n = 1115 + 3769. What are the prime factors of n?
2, 3, 11, 37
Let i(q) = -q**3 - 32*q**2 - 21*q - 16. Let s be i(-31). Let j = s + 616. What are the prime factors of j?
2, 5, 29
Let p be (4 - 33/6)/(3/(-4)). Suppose p*s = 1259 + 149. Suppose 5*q + 2*n - s = 0, 0 = 5*q - n - 258 - 440. What are the prime factors of q?
2, 5, 7
Let b(r) = -4*r**3 - 7*r**2 + 19*r + 17. Let g(v) = 4*v**3 + 8*v**2 - 20*v - 19. Let y(u) = 3*b(u) + 2*g(u). List the prime factors of y(-7).
1021
Suppose -287369 = -5*b + 27*x, 0 = -53*b + 56*b + 4*x - 172381. List the prime factors of b.
7, 8209
List the prime factors of (-29 + 66776)*(-4)/(-60)*5.
19, 1171
Suppose -o - 32576 = -2*b, 8*b + 48850 = 11*b + 2*o. What are the prime factors of b?
2, 17, 479
Suppose 5*u - 137139 = 88*m - 92*m, -68547 = -2*m - 5*u. List the prime factors of m.
2, 3, 1429
List the prime factors of (38196/8 - -23)*24/10.
2, 3, 19, 101
Let o be 13/3*(12 - -3). What are the prime factors of (-1938)/(-8) + o/(-52)?
241
Let w = -15276 - -16870. List the prime factors of w.
2, 797
Suppose -4*a + 71*l = 68*l - 218544, -4*a - 2*l = -218544. What are the prime factors of a?
2, 3, 29, 157
Let y = 120 + -117. Let u(j) = -4*j**3 + j. Let i be u(-1). Suppose -54 = -y*r + x, i*x = 5*r + 7*x - 73. What are the prime factors of r?
17
Suppose 0 = 3*y - 308 + 2858. Let z = 1804 + y. List the prime factors of z.
2, 3, 53
Let j = -27992 + 39797. What are the prime factors of j?
3, 5, 787
Let n(h) = -h**3 - 6*h**2 + 4*h + 16. Let p be n(-8). Let w = 841 - p. What are the prime factors of w/17 + (-1)/(85/(-10))?
43
Let t = -3434 + 4545. What are the prime factors of t?
11, 101
Suppose z + 20 = 5*f, 4*z + 21 = f - 2. Let w(u) = 46*u**2 + 3*u - 21. What are the prime factors of w(z)?
2, 557
Let b = -384 - -950. Let y = 1106 - b. List the prime factors of y.
2, 3, 5
Suppose 4*g + 1056 = 28*g. Let t(q) = 3*q + 28. List the prime factors of t(g).
2, 5
Let b be ((-6)/(-12))/(1/(-562)). Let l = b + 190. Let c = l - -175. What are the prime factors of c?
2, 3, 7
Let k = -41 + 45. Suppose 0 = -5*b + 3*b - j + 940, -b + k*j = -488. Suppose -3*h = -4*n - b, -h + 101 + 67 = 4*n. List the prime factors of h.
2, 5
Let p(a) = 85*a - 207. What are the prime factors of p(6)?
3, 101
Let t = -3 - -4. Suppose 0 = -f + 2*v + 8, -f - 4*f + 25 = -5*v. What are the prime factors of (f + 358)/(-5)*-1*t?
2, 3
Suppose 2*b - 34 = -3*l - 158, -5*l = -2*b + 228. Let n be (-148)/(-18) - l/(-198). What are the prime factors of (n/(-10))/(10/(-700))?
2, 7
Suppose -3614 - 5290 = -7*k. Suppose -2*h = -k + 196. What are the prime factors of h?
2, 269
Suppose -3352077 - 2590593 = -130*r + 236750. List the prime factors of r.
2, 23767
Let s(q) = q**3 + q**2 + 281. Let m be s(0). Suppose -2480 = 276*k - m*k. What are the prime factors of k?
2, 31
Suppose -3*x - 4*g - 8 + 71 = 0, -3*x + 3*g = -84. Suppose 13948 - 2498 = x*n. List the prime factors of n.
2, 229
Let v(b) = 3*b**2 - 5*b - 364. List the prime factors of v(-22).
2, 599
Let h(g) = 94*g**2 - 3*g - 2. Let f be h(-2). Let n be f/(1 - -4) - 4. Suppose -n = -3*w - 3*c, -20 = 3*w - 4*w + c. List the prime factors of w.
2, 11
Suppose 0 = -2*a + 2*k + 12, 2*a - 3*a - 2*k + 6 = 0. Suppose -12 = 3*b, -b + a*b = 2*j - 82. List the prime factors of j.
31
Let y(x) = 221*x + 37894. What are the prime factors of y(0)?
2, 18947
Suppose -6282 = -z + w - 450, -3*w = 15. List the prime factors of z.
5827
List the prime factors of (2 + 76/6)/((-238)/(-89607)).
2, 11, 251
Suppose g = -3*g - n + 78, -4*g = 3*n - 82. Let a(m) be the first derivative of -m**4/4 + 19*m**3/3 + 5*m**2/2 - 11*m + 40. What are the prime factors of a(g)?
2, 3, 7
Suppose -4*j - 1 - 7 = -2*a, -2*a = 3*j - 1. Let z be 21/6*(3 + -5)*j. List the prime factors of ((-1044)/z)/(-3) - (-2)/7.
2, 5
Suppose 4*t = -z + 10192, 2*t = -4*z + 4952 + 158. List the prime factors of t.
3, 283
Let w(l) = l**3 - 7*l**2 + 12*l - 8. Let c be w(5). Let s(j) = 95*j - 19. What are the prime factors of s(c)?
3, 19
Let i = 768 + -244. Suppose 0 = -3*m - 3*f - f + 1564, m = -2*f + i. Suppose -9*p - m = -15*p. What are the prime factors of p?
2, 43
Let j = -31 + 87. What are the prime factors of (j + 13)/((-9)/(-60))?
2, 5, 23
Suppose 0 = 9*s - 14 + 95. Let y = 0 - s. Suppose 376 = y*h - 83. What are the prime factors of h?
3, 17
Suppose -1261798 = -250*x - 438798. List the prime factors of x.
2, 823
Let m(c) be the third derivative of 0*c - 3/8*c**4 + 1/12*c**5 + 29*c**2 + 0 + 0*c**3. What are the prime factors of m(4)?
2, 11
Let w = 177 + -159. Suppose d = w*d - 8262. List the prime factors of d.
2, 3
Let a = -114 - -324. Suppose 5*w = k + w - 61, 3*w = 3*k - a. List the prime factors of k.
73
Let v = 191 - 182. Suppose v*f - 1696 = 1571. List the prime factors of f.
3, 11
Suppose 1 = -3*i + 52. Let c = i + -17. Suppose c = -q - 2*y + 58, -7*q + 2*q + 230 = -2*y. What are the prime factors of q?
2, 3
Suppose -2236*h + 2155*h + 1268865 = 0. List the prime factors of h.
5, 13, 241
Suppose -90 = -3*u - 72. What are the prime factors of -7*u/(-42) + 210?
211
Let q = 18699 + 2855. List the prime factors of q.
2, 13, 829
Suppose 2*m - 2 = 4*o - o, 3*o - 4 = -4*m. Suppose 3*n + 46 = -15*h + 17*h, o = n - 4. What are the prime factors of h?
29
Let r(f) = 4*f**2 + 6*f + 6. Let c be r(-2). Let x(g) = -3*g**2 - 12*g + 27. Let q be x(c). List the prime factors of q/(-5) + (-66)/110.
2, 3, 13
Let c = 8 - 3. Suppose 5*i = c*k - 20, 2*k + 2 = 5*i - 5. List the prime factors of 1/(2/(-254)*(-10 + k)).
127
Suppose 4*m - 536 = 2*k + 30958, -k = m - 7866. What are the prime factors of m?
17, 463
Suppose -2*d - 35 = -5*k - 5*d, 0 = 2*k - 3*d + 7. Suppose 9*r = 4*r + 2*f + 3083, -k*r + 2472 = 4*f. List the prime factors of r.
617
List the prime factors of 8 - (482352/(-260))/(2/10).
2, 11, 211
Let p be (1 - 10)*53*(-16)/(-12). Let i = p - -980. List the prime factors of -4 + (i/9 - 6/27).
2, 17
Let x(v) = v. Let c be x(-1). Let l(t) = -97*t - 16 + 5 + 7 - 1 + 12. What are the prime factors of l(c)?
2, 13
Let p(z) = z**2 + 22*z + 4. Let o be p(-22). Suppose 0 = 2*x + 6, o*m = -0*m + 2*x + 2690. List the prime factors of m.
11, 61
Let n(x) = -3*x**2 + 8*x. Let l(b) = b**2 + b + 1. Let q(t) = -2*l(t) - n(t). Let c be q(10). List the prime factors of ((-58 - -2) + c)/(5/(-10)).
2, 29
Let x = -10504 + 15327. List the prime factors of x.
7, 13, 53
Suppose 0 = 3*p - z - 13, -p + 15 = -2*z - z. Suppose -i + 479 = -p*s, -2*s - 3*s = 5. Suppose -7*v + i = 182. List the prime factors of v.
2, 3, 7
Let h(j) = -10*j**3 - 4*j**2 + j - 6. Let s = -70 - -66. What are the prime factors of h(s)?
2, 283
Suppose 40*j - 3*j + 111 = 0. What are the prime factors of -188*(-1 - (-75)/(-20) - j)?
7, 47
Let n(p) = p**3 - 5*p**2 + 134*p - 18. What are the prime factors of n(15)?
2, 3, 7, 101
Let h(p) = -p**2 + 20. Let n be h(4). Suppose -220 = -n*g + 164. List the prime factors of g.
2, 3
Suppose -4774 = -9*r - 445. Suppose -339 = -5*x + r. Suppose x = 4*a - 20. What are the prime factors of a?
2, 23
Suppose -12 = -2*l, l = 86*f - 78*f - 51842. List the prime factors of f.
6481
Suppose 0 = 8*s - 4*s - 72. Let p be ((-20)/(-25))/((s/(-75))/(-3)). Suppose 5*c - 10*c + p = 0. What are the prime factors of c?
2
Suppose 0 = 4*b + 84 - 56. What are the prime factors of (b/(-7 + 0))/(2/2996)?
2, 7, 107
Let p be 329/21 + 2/(-3). Let o = 76 + p. Suppose -2*t + 3*c = -89 - o, -4 = -c. List the prime factors of t.
2, 3
Let b = 69069 - 42560. What are the prime factors of b?
7, 541
Let v = -79588 - -164642. List the prime factors of v.
2, 23, 43
Let u(p) = 3*p**2 - 16*p + 517. What are the prime factors of u(96)?
31, 859
Suppose -4*d + 5 = -5*t - 1, -5*d + 20 =